ands digit of 378394?
8
What is the hundred thousands digit of 238918?
2
What is the ten thousands digit of 2154343?
5
What is the tens digit of 82938?
3
What is the hundred thousands digit of 630319?
6
What is the thousands digit of 309113?
9
What is the units digit of 8942549?
9
What is the ten thousands digit of 1812227?
1
What is the units digit of 2455054?
4
What is the thousands digit of 1036413?
6
What is the thousands digit of 18076?
8
What is the thousands digit of 154654?
4
What is the tens digit of 7053192?
9
What is the tens digit of 160373?
7
What is the thousands digit of 58128?
8
What is the hundred thousands digit of 4887504?
8
What is the units digit of 471331?
1
What is the units digit of 1195262?
2
What is the ten thousands digit of 8062143?
6
What is the tens digit of 531166?
6
What is the ten thousands digit of 4171680?
7
What is the hundred thousands digit of 1731440?
7
What is the hundred thousands digit of 865782?
8
What is the thousands digit of 15438299?
8
What is the tens digit of 12409706?
0
What is the units digit of 738006?
6
What is the hundreds digit of 2809990?
9
What is the tens digit of 422052?
5
What is the tens digit of 25524353?
5
What is the hundreds digit of 4499295?
2
What is the units digit of 440007?
7
What is the hundreds digit of 59618?
6
What is the ten thousands digit of 528550?
2
What is the units digit of 204231?
1
What is the hundred thousands digit of 10860197?
8
What is the thousands digit of 9806361?
6
What is the hundreds digit of 1150051?
0
What is the ten thousands digit of 598512?
9
What is the millions digit of 2447674?
2
What is the thousands digit of 6629710?
9
What is the hundreds digit of 317089?
0
What is the units digit of 12122918?
8
What is the hundreds digit of 155398?
3
What is the ten thousands digit of 27069296?
6
What is the units digit of 1755088?
8
What is the thousands digit of 253577?
3
What is the hundred thousands digit of 200895?
2
What is the millions digit of 3420201?
3
What is the ten thousands digit of 559567?
5
What is the hundred thousands digit of 557432?
5
What is the units digit of 648065?
5
What is the thousands digit of 19792807?
2
What is the ten thousands digit of 262444?
6
What is the millions digit of 1473716?
1
What is the ten thousands digit of 186255?
8
What is the hundred thousands digit of 1371566?
3
What is the ten thousands digit of 4540333?
4
What is the tens digit of 2631571?
7
What is the tens digit of 2327924?
2
What is the units digit of 180747?
7
What is the hundreds digit of 414696?
6
What is the tens digit of 1623047?
4
What is the ten thousands digit of 62199?
6
What is the thousands digit of 1069504?
9
What is the units digit of 895769?
9
What is the units digit of 102491?
1
What is the hundred thousands digit of 2802147?
8
What is the millions digit of 5177279?
5
What is the units digit of 93508?
8
What is the hundred thousands digit of 243971?
2
What is the thousands digit of 2717661?
7
What is the ten thousands digit of 28988?
2
What is the ten millions digit of 25964200?
2
What is the hundreds digit of 95793?
7
What is the ten thousands digit of 14514?
1
What is the tens digit of 40511?
1
What is the tens digit of 24569057?
5
What is the tens digit of 862520?
2
What is the hundred thousands digit of 481298?
4
What is the hundreds digit of 141572?
5
What is the hundreds digit of 688099?
0
What is the tens digit of 3863555?
5
What is the thousands digit of 19079177?
9
What is the hundreds digit of 290247?
2
What is the units digit of 7749948?
8
What is the hundreds digit of 16322413?
4
What is the thousands digit of 762434?
2
What is the ten thousands digit of 708226?
0
What is the hundred thousands digit of 9776629?
7
What is the thousands digit of 7591790?
1
What is the ten thousands digit of 2662030?
6
What is the hundreds digit of 379394?
3
What is the hundreds digit of 2685194?
1
What is the tens digit of 712498?
9
What is the hundreds digit of 3735281?
2
What is the thousands digit of 6712762?
2
What is the thousands digit of 132951?
2
What is the hundreds digit of 24797630?
6
What is the hundred thousands digit of 16644938?
6
What is the ten millions digit of 19052868?
1
What is the thousands digit of 127995?
7
What is the ten thousands digit of 540639?
4
What is the ten thousands digit of 812134?
1
What is the units digit of 2190419?
9
What is the units digit of 306330?
0
What is the tens digit of 219822?
2
What is the hundreds digit of 879747?
7
What is the hundreds digit of 59197?
1
What is the ten thousands digit of 1283298?
8
What is the ten thousands digit of 3323633?
2
What is the units digit of 2223808?
8
What is the hundred thousands digit of 923586?
9
What is the tens digit of 1198879?
7
What is the thousands digit of 735263?
5
What is the units digit of 1196131?
1
What is the hundreds digit of 203645?
6
What is the millions digit of 1724353?
1
What is the tens digit of 19007931?
3
What is the tens digit of 21077118?
1
What is the millions digit of 2909129?
2
What is the tens digit of 6103725?
2
What is the tens digit of 112156?
5
What is the thousands digit of 480976?
0
What is the units digit of 1605773?
3
What is the hundreds digit of 1225845?
8
What is the ten thousands digit of 3748047?
4
What is the hundred thousands digit of 9873234?
8
What is the ten thousands digit of 1451428?
5
What is the hundreds digit of 24705847?
8
What is the tens digit of 329332?
3
What is the ten thousands digit of 63288?
6
What is the millions digit of 1875406?
1
What is the tens digit of 6705892?
9
What is the tens digit of 9987905?
0
What is the units digit of 365463?
3
What is the units digit of 76176?
6
What is the hundred thousands digit of 2011151?
0
What is the ten thousands digit of 1251247?
5
What is the millions digit of 3608899?
3
What is the hundred thousands digit of 10838438?
8
What is the hundred thousands digit of 2888683?
8
What is the hundreds digit of 78087?
0
What is the hundred thousands digit of 4329844?
3
What is the hundreds digit of 2474806?
8
What is the units digit of 787453?
3
What is the ten thousands digit of 738410?
3
What is the millions digit of 34143920?
4
What is the ten thousands digit of 1340621?
4
What is the millions digit of 7083967?
7
What is the thousands digit of 97561?
7
What is the units digit of 143875?
5
What is the millions digit of 9027575?
9
What is the hundred thousands digit of 965644?
9
What is the thousands digit of 4188333?
8
What is the millions digit of 9583406?
9
What is the ten thousands digit of 3171115?
7
What is the thousands digit of 9656767?
6
What is the thousands digit of 770385?
0
What is the ten thousands digit of 17153?
1
What is the hundred thousands digit of 6681671?
6
What is the hundred thousands digit of 3970076?
9
What is the thousands digit of 65812?
5
What is the hundred thousands digit of 263358?
2
What is the ten thousands digit of 172903?
7
What is the units digit of 133413?
3
What is the hundreds digit of 744951?
9
What is the hundred thousands digit of 839452?
8
What is the hundreds digit of 331366?
3
What is the units digit of 89296?
6
What is the thousands digit of 557361?
7
What is the hundred thousands digit of 418513?
4
What is the units digit of 199861?
1
What is the thousands digit of 508293?
8
What is the millions digit of 2657362?
2
What is the tens digit of 19800329?
2
What is the tens digit of 2489811?
1
What is the hundreds digit of 59806?
8
What is the hundred thousands digit of 4216838?
2
What is the ten thousands digit of 8677126?
7
What is the tens digit of 2520514?
1
What is the hundred thousands digit of 10895624?
8
What is the units digit of 3922691?
1
What is the thousands digit of 223080?
3
What is the hundreds digit of 204025?
0
What is the hundreds digit of 2810234?
2
What is the tens digit of 456899?
9
What is the hundred thousands digit of 408852?
4
What is the ten thousands digit of 236223?
3
What is the millions digit of 12423219?
2
What is the ten thousands digit of 8915116?
1
What is the tens digit of 11432135?
3
What is the hundred thousands digit of 11747088?
7
What is the tens digit of 17888855?
5
What is the hundreds digit of 769630?
6
What is the hundreds digit of 109292?
2
What is the hundreds digit of 46193?
1
W